{"id":296,"date":"1999-02-06T16:00:10","date_gmt":"1999-02-06T15:00:10","guid":{"rendered":"http:\/\/www.liebetanz.com\/hsl\/?page_id=296"},"modified":"2017-07-16T15:29:37","modified_gmt":"2017-07-16T13:29:37","slug":"motorrader-im-guggenheim-museum","status":"publish","type":"page","link":"https:\/\/www.liebetanz.com\/hsl\/?page_id=296","title":{"rendered":"Motorr\u00e4der im Guggenheim-Museum"},"content":{"rendered":"<div id=\"id1\" class=\"style_SkipStroke shape-with-text\">\n<div class=\"text-content Normal_External_410_32\">\n<div class=\"Normal\">\n<p class=\"Title\">Selten kommt es zum Verkehrsstau, wenn ein Museum eine Ausstellung er\u00f6ffnet. Vor zwei Wochen war dies allerdings der Fall, als im Guggenheim Museum in New York &#8220;The Art of the Motorcycle&#8221; er\u00f6ffnet wurde: auf der Fifth Avenue kam der Verkehr zum erliegen, als ein Motorradkonvoi nach seiner Fahrt durch Manhattan an dem weltber\u00fchmten Museum sein Ziel erreichte. Die beeindruckende Armada gro\u00dfer Motorr\u00e4dern erregte soviel Aufsehen, da\u00df der morgendliche Berufsverkehr zusammenbrach. Nicht jeder New Yorker konnte dem Treffen der Motorradfahrer so viel abgewinnen, wie Tom Krens, der Museumsdirektor des Guggenheim, f\u00fcr den mit dieser Ausstellung ein alter Traum in Erf\u00fcllung ging. Die BMW Vertretung in New York hatte den Motorrad-Konvoi organisiert. Die bekannte Marke unterst\u00fctzt die Ausstellung als Sponsor, weil vor genau 75 Jahren das erste BMW-Motorrad hergestellt wurde.<\/p>\n<\/div>\n<\/div>\n<\/div>\n<div class=\"style_SkipStroke_1 shape-with-text flowDefining\">\n<div class=\"text-content style_External_410_1782\">\n<div class=\"style\">\n<p class=\"Body\">In dem 1935 er\u00f6ffneten Museum sind 114 Motorr\u00e4der ausgestellt, die Geschichte gemacht haben. In der Ausstellungshalle, die den Besucher auf einer spiralenartigen Rampe wie in einem Schneckenhaus vom Erdgescho\u00df bis in den 6. Stock unter das Dach f\u00fchrt, kann man die Technik- und Designentwicklung der letzten 100 Jahre nachvollziehen. Der Ausstellungsarchitekt Frank Gehry hat zu diesem Zweck das schneckenhausartige Gel\u00e4nder der Rampe im Innenraum des Museums komplett mit hochglanzpoliertem Edelstahl verkleidet. In der Halle kommt der Besucher sich vor, als sei er selbst im Innenraum einer riesigen Feder oder einer Maschine.<\/p>\n<p class=\"Body\">Sp\u00e4testens 1868 fing die Geschichte der Motorr\u00e4der mit dem &#8220;V\u00e9locip\u00e8de&#8221; von Michaux-Perreaux aus Frankreich an, das noch mehr an ein Hochrad erinnert, als an ein Motorrad. Angetrieben wurde das Gef\u00e4hrt durch eine Dampfmaschine, die in gef\u00e4hrlicher N\u00e4he zum Fahrer unter dem Sattel installiert war.<br \/>\nGanz anders wirkt dagegen das j\u00fcngste St\u00fcck der Ausstellung. Die rote MV Agusta F4 ist technische Spitzenleistung und optisch bis ins letzte Detail durchgestylt. Oder die 1995 von Philippe Starck entworfene Aprilia Moto 6.5.<\/p>\n<p class=\"Body\">Nat\u00fcrlich darf in solch einer Zusammenstellung auch der Vespa-Roller nicht fehlen. Sogar eine Kreidler Florett, an die sich noch viele erinnern werden, ist vertreten. Motorr\u00e4der, die zu einem wahren Mythos wurden, wie der Chopper aus Peter Fondas Film &#8220;Easy Rider&#8221; sind in der Sammlung ebenso zu finden, wie St\u00fccke, die nur Spezialisten ein Begriff sein d\u00fcrften. Die &#8220;Dollar V4&#8221; zum Beispiel, die franz\u00f6sische Antwort der drei\u00dfiger Jahre auf die schon damals erfolgreichen Harley-Davidsons. Diese Maschine ist die einzig erhaltene dieser Marke. Die Tschechisch-Slowakische &#8220;B\u00f6hmerland&#8221; mit ihrem h\u00f6lzernen Beiwagen und gelb-roter Lackierung wirkt wie der Versuch einer klobigen Rakete: sie soll einer sechsk\u00f6pfigen Familie (drei Personen auf den S\u00e4tteln, drei im Beiwagen) Platz geboten haben.<\/p>\n<p class=\"Body\">Neben der ersten BMW von 1923, der R 32, findet man das wohl technisch au\u00dfergew\u00f6hnlichste Beispiel des &#8220;neuen Fortbewegungsmittels&#8221;, eine Megola Sport. Fritz Cockerell fertigte den Prototyp mit wuchtigem roten Rahmen 1920 an. Er ordnete die f\u00fcnf Zylinder des Motors sternf\u00f6rmig im Vorderrad an. Diese abenteuerlich wirkende Konstruktion beschleunigte das Motorrad auf beachtliche 109 km\/h. Die Maschine wurde in Serie bis 1926 in Deutschland produziert, bis die Fertigung in der Wirtschaftskrise der sp\u00e4ten zwanziger Jahre eingestellt werden mu\u00dfte.<\/p>\n<p class=\"Body\">Die letzte Ausstellung des Guggenheims war eine Ausstellung \u00fcber &#8220;5000 Jahre China&#8221;, im Herbst diesen Jahres werden die besten Gem\u00e4lde aus dem Centre Pompidou und der Sammlung des Guggenheim gezeigt. Wie vertr\u00e4gt sich das mit einer &#8220;Motorrad-Ausstellung&#8221;? Tom Krens, der Direktor des Guggenheim-Museums, und sein Team planten diese Ausstellung schon seit Anfang der neunziger Jahre &#8211; weniger wegen seiner pers\u00f6nlichen Liebe zu den Feuerst\u00fchlen, sondern als \u00dcberblick \u00fcber die Designentwicklung der letzten 100 Jahre. Und daf\u00fcr eignet sich das Vehikel Motorrad gewi\u00df.<\/p>\n<p class=\"Body\">Den formulierten Anspruch, ebenso die Entwicklung der Industriegesellschaft darzustellen, erf\u00fcllt die Ausstellung alleine sicher nicht so gut, wie der sehr liebevoll gemachte und detailgetreue Katalog. Eins ist jedoch sicher: Es ist eine ungew\u00f6hnliche Ausstellung, die sowohl den Motorradfan begeistert, wie jeden, der sich f\u00fcr Industriedesign interessiert!<\/p>\n<p class=\"Body\">Die Ausstellung ist bis zum 20. September 1998 im Guggenheim-Museum, New York zu sehen. Anschlie\u00dfend zieht sie um in das &#8220;Field Museum of Natural History&#8221; in Chicago. Im Herbst 1999 wird sie im Guggenheim-Museum Bilbao gezeigt.<\/p>\n<p class=\"Body\"><a href=\"https:\/\/www.liebetanz.com\/hsl\/journalism\/\">Back<\/a><\/p>\n<\/div>\n<\/div>\n<\/div>\n","protected":false},"excerpt":{"rendered":"<p>Selten kommt es zum Verkehrsstau, wenn ein Museum eine Ausstellung er\u00f6ffnet. Vor zwei Wochen war dies allerdings der Fall, als im Guggenheim Museum in New York &#8220;The Art of the Motorcycle&#8221; er\u00f6ffnet wurde: auf der Fifth Avenue kam der Verkehr zum erliegen, als ein Motorradkonvoi nach seiner Fahrt durch Manhattan an dem weltber\u00fchmten Museum sein &hellip; <\/p>\n<p class=\"link-more\"><a href=\"https:\/\/www.liebetanz.com\/hsl\/?page_id=296\" class=\"more-link\">Continue reading<span class=\"screen-reader-text\"> &#8220;Motorr\u00e4der im Guggenheim-Museum&#8221;<\/span><\/a><\/p>\n","protected":false},"author":1,"featured_media":0,"parent":226,"menu_order":0,"comment_status":"closed","ping_status":"closed","template":"template-nosidebar.php","meta":{"_acf_changed":false,"footnotes":""},"class_list":["post-296","page","type-page","status-publish","hentry","entry"],"acf":[],"yoast_head":"<!-- This site is optimized with the Yoast SEO plugin v27.3 - https:\/\/yoast.com\/product\/yoast-seo-wordpress\/ -->\n<title>Motorr\u00e4der im Guggenheim-Museum - Horst Seele-Liebetanz<\/title>\n<meta name=\"robots\" content=\"index, follow, max-snippet:-1, max-image-preview:large, max-video-preview:-1\" \/>\n<link rel=\"canonical\" href=\"https:\/\/www.liebetanz.com\/hsl\/?page_id=296\" \/>\n<meta property=\"og:locale\" content=\"en_US\" \/>\n<meta property=\"og:type\" content=\"article\" \/>\n<meta property=\"og:title\" content=\"Motorr\u00e4der im Guggenheim-Museum - Horst Seele-Liebetanz\" \/>\n<meta property=\"og:description\" content=\"Selten kommt es zum Verkehrsstau, wenn ein Museum eine Ausstellung er\u00f6ffnet. Vor zwei Wochen war dies allerdings der Fall, als im Guggenheim Museum in New York &#8220;The Art of the Motorcycle&#8221; er\u00f6ffnet wurde: auf der Fifth Avenue kam der Verkehr zum erliegen, als ein Motorradkonvoi nach seiner Fahrt durch Manhattan an dem weltber\u00fchmten Museum sein &hellip; Continue reading &quot;Motorr\u00e4der im Guggenheim-Museum&quot;\" \/>\n<meta property=\"og:url\" content=\"https:\/\/www.liebetanz.com\/hsl\/?page_id=296\" \/>\n<meta property=\"og:site_name\" content=\"Horst Seele-Liebetanz\" \/>\n<meta property=\"article:modified_time\" content=\"2017-07-16T13:29:37+00:00\" \/>\n<meta name=\"twitter:card\" content=\"summary_large_image\" \/>\n<meta name=\"twitter:site\" content=\"@HorstSL\" \/>\n<meta name=\"twitter:label1\" content=\"Est. reading time\" \/>\n\t<meta name=\"twitter:data1\" content=\"3 minutes\" \/>\n<script type=\"application\/ld+json\" class=\"yoast-schema-graph\">{\"@context\":\"https:\\\/\\\/schema.org\",\"@graph\":[{\"@type\":\"WebPage\",\"@id\":\"https:\\\/\\\/www.liebetanz.com\\\/hsl\\\/?page_id=296\",\"url\":\"https:\\\/\\\/www.liebetanz.com\\\/hsl\\\/?page_id=296\",\"name\":\"Motorr\u00e4der im Guggenheim-Museum - Horst Seele-Liebetanz\",\"isPartOf\":{\"@id\":\"https:\\\/\\\/www.liebetanz.com\\\/hsl\\\/#website\"},\"datePublished\":\"1999-02-06T15:00:10+00:00\",\"dateModified\":\"2017-07-16T13:29:37+00:00\",\"breadcrumb\":{\"@id\":\"https:\\\/\\\/www.liebetanz.com\\\/hsl\\\/?page_id=296#breadcrumb\"},\"inLanguage\":\"en\",\"potentialAction\":[{\"@type\":\"ReadAction\",\"target\":[\"https:\\\/\\\/www.liebetanz.com\\\/hsl\\\/?page_id=296\"]}]},{\"@type\":\"BreadcrumbList\",\"@id\":\"https:\\\/\\\/www.liebetanz.com\\\/hsl\\\/?page_id=296#breadcrumb\",\"itemListElement\":[{\"@type\":\"ListItem\",\"position\":1,\"name\":\"Home\",\"item\":\"https:\\\/\\\/www.liebetanz.com\\\/hsl\"},{\"@type\":\"ListItem\",\"position\":2,\"name\":\"Journalism\",\"item\":\"https:\\\/\\\/www.liebetanz.com\\\/hsl\\\/?page_id=226\"},{\"@type\":\"ListItem\",\"position\":3,\"name\":\"Motorr\u00e4der im Guggenheim-Museum\"}]},{\"@type\":\"WebSite\",\"@id\":\"https:\\\/\\\/www.liebetanz.com\\\/hsl\\\/#website\",\"url\":\"https:\\\/\\\/www.liebetanz.com\\\/hsl\\\/\",\"name\":\"Horst Seele-Liebetanz\",\"description\":\"&quot;The most difficult thing is the decision to act, the rest is merely tenacity.&rdquo; (Emilia Earhart)\",\"publisher\":{\"@id\":\"https:\\\/\\\/www.liebetanz.com\\\/hsl\\\/#\\\/schema\\\/person\\\/37e35215e685994cd3674288e2d475b5\"},\"potentialAction\":[{\"@type\":\"SearchAction\",\"target\":{\"@type\":\"EntryPoint\",\"urlTemplate\":\"https:\\\/\\\/www.liebetanz.com\\\/hsl\\\/?s={search_term_string}\"},\"query-input\":{\"@type\":\"PropertyValueSpecification\",\"valueRequired\":true,\"valueName\":\"search_term_string\"}}],\"inLanguage\":\"en\"},{\"@type\":[\"Person\",\"Organization\"],\"@id\":\"https:\\\/\\\/www.liebetanz.com\\\/hsl\\\/#\\\/schema\\\/person\\\/37e35215e685994cd3674288e2d475b5\",\"name\":\"Horst Seele-Liebetanz\",\"logo\":{\"@id\":\"https:\\\/\\\/www.liebetanz.com\\\/hsl\\\/#\\\/schema\\\/person\\\/image\\\/\"},\"description\":\"Digital Ethicist, Political Communication, Psychology\"}]}<\/script>\n<!-- \/ Yoast SEO plugin. -->","yoast_head_json":{"title":"Motorr\u00e4der im Guggenheim-Museum - Horst Seele-Liebetanz","robots":{"index":"index","follow":"follow","max-snippet":"max-snippet:-1","max-image-preview":"max-image-preview:large","max-video-preview":"max-video-preview:-1"},"canonical":"https:\/\/www.liebetanz.com\/hsl\/?page_id=296","og_locale":"en_US","og_type":"article","og_title":"Motorr\u00e4der im Guggenheim-Museum - Horst Seele-Liebetanz","og_description":"Selten kommt es zum Verkehrsstau, wenn ein Museum eine Ausstellung er\u00f6ffnet. Vor zwei Wochen war dies allerdings der Fall, als im Guggenheim Museum in New York &#8220;The Art of the Motorcycle&#8221; er\u00f6ffnet wurde: auf der Fifth Avenue kam der Verkehr zum erliegen, als ein Motorradkonvoi nach seiner Fahrt durch Manhattan an dem weltber\u00fchmten Museum sein &hellip; Continue reading \"Motorr\u00e4der im Guggenheim-Museum\"","og_url":"https:\/\/www.liebetanz.com\/hsl\/?page_id=296","og_site_name":"Horst Seele-Liebetanz","article_modified_time":"2017-07-16T13:29:37+00:00","twitter_card":"summary_large_image","twitter_site":"@HorstSL","twitter_misc":{"Est. reading time":"3 minutes"},"schema":{"@context":"https:\/\/schema.org","@graph":[{"@type":"WebPage","@id":"https:\/\/www.liebetanz.com\/hsl\/?page_id=296","url":"https:\/\/www.liebetanz.com\/hsl\/?page_id=296","name":"Motorr\u00e4der im Guggenheim-Museum - Horst Seele-Liebetanz","isPartOf":{"@id":"https:\/\/www.liebetanz.com\/hsl\/#website"},"datePublished":"1999-02-06T15:00:10+00:00","dateModified":"2017-07-16T13:29:37+00:00","breadcrumb":{"@id":"https:\/\/www.liebetanz.com\/hsl\/?page_id=296#breadcrumb"},"inLanguage":"en","potentialAction":[{"@type":"ReadAction","target":["https:\/\/www.liebetanz.com\/hsl\/?page_id=296"]}]},{"@type":"BreadcrumbList","@id":"https:\/\/www.liebetanz.com\/hsl\/?page_id=296#breadcrumb","itemListElement":[{"@type":"ListItem","position":1,"name":"Home","item":"https:\/\/www.liebetanz.com\/hsl"},{"@type":"ListItem","position":2,"name":"Journalism","item":"https:\/\/www.liebetanz.com\/hsl\/?page_id=226"},{"@type":"ListItem","position":3,"name":"Motorr\u00e4der im Guggenheim-Museum"}]},{"@type":"WebSite","@id":"https:\/\/www.liebetanz.com\/hsl\/#website","url":"https:\/\/www.liebetanz.com\/hsl\/","name":"Horst Seele-Liebetanz","description":"&quot;The most difficult thing is the decision to act, the rest is merely tenacity.&rdquo; (Emilia Earhart)","publisher":{"@id":"https:\/\/www.liebetanz.com\/hsl\/#\/schema\/person\/37e35215e685994cd3674288e2d475b5"},"potentialAction":[{"@type":"SearchAction","target":{"@type":"EntryPoint","urlTemplate":"https:\/\/www.liebetanz.com\/hsl\/?s={search_term_string}"},"query-input":{"@type":"PropertyValueSpecification","valueRequired":true,"valueName":"search_term_string"}}],"inLanguage":"en"},{"@type":["Person","Organization"],"@id":"https:\/\/www.liebetanz.com\/hsl\/#\/schema\/person\/37e35215e685994cd3674288e2d475b5","name":"Horst Seele-Liebetanz","logo":{"@id":"https:\/\/www.liebetanz.com\/hsl\/#\/schema\/person\/image\/"},"description":"Digital Ethicist, Political Communication, Psychology"}]}},"_links":{"self":[{"href":"https:\/\/www.liebetanz.com\/hsl\/index.php?rest_route=\/wp\/v2\/pages\/296","targetHints":{"allow":["GET"]}}],"collection":[{"href":"https:\/\/www.liebetanz.com\/hsl\/index.php?rest_route=\/wp\/v2\/pages"}],"about":[{"href":"https:\/\/www.liebetanz.com\/hsl\/index.php?rest_route=\/wp\/v2\/types\/page"}],"author":[{"embeddable":true,"href":"https:\/\/www.liebetanz.com\/hsl\/index.php?rest_route=\/wp\/v2\/users\/1"}],"replies":[{"embeddable":true,"href":"https:\/\/www.liebetanz.com\/hsl\/index.php?rest_route=%2Fwp%2Fv2%2Fcomments&post=296"}],"version-history":[{"count":2,"href":"https:\/\/www.liebetanz.com\/hsl\/index.php?rest_route=\/wp\/v2\/pages\/296\/revisions"}],"predecessor-version":[{"id":471,"href":"https:\/\/www.liebetanz.com\/hsl\/index.php?rest_route=\/wp\/v2\/pages\/296\/revisions\/471"}],"up":[{"embeddable":true,"href":"https:\/\/www.liebetanz.com\/hsl\/index.php?rest_route=\/wp\/v2\/pages\/226"}],"wp:attachment":[{"href":"https:\/\/www.liebetanz.com\/hsl\/index.php?rest_route=%2Fwp%2Fv2%2Fmedia&parent=296"}],"curies":[{"name":"wp","href":"https:\/\/api.w.org\/{rel}","templated":true}]}}